econd derivative of v**3/6 - 5*v**2 - v. Suppose -5*c - 2*n = -31, -2*c + 4*n - 11*n = -31. Give x(c).
-5
Let c = 22032 - 22033. Let q(d) = -37*d - 5. Give q(c).
32
Let n(s) = -s**3 - 4*s**2 - 3*s. Suppose -g - 1 = -0, -264 = 3*t - 3*g. Let l = 90 + t. Let v be ((-80)/25 - l) + 1/5. Determine n(v).
12
Let l(g) = 8*g**2 + 4. Let a(w) = -6. Let n(x) = -5. Let b(d) = -4*a(d) + 5*n(d). Let i(r) = 2*b(r) + l(r). Give i(2).
34
Let x(h) = -15*h**3 + 498*h**2 - 5*h - 14. Let f(i) = -7*i**3 + 213*i**2 - 3*i - 7. Let b(g) = -7*f(g) + 3*x(g). Calculate b(-3).
-92
Let r(d) be the second derivative of -d**5/120 + d**4/24 - 10*d**3/3 + 99*d - 2. Let p(n) be the second derivative of r(n). What is p(-8)?
9
Let t be 4/(8*(-5)/(-100)). Let x(y) = 3*y**2 - 27*y - 24. Let j be x(t). Let m(l) = -l**2 + 9*l - 7. Give m(j).
11
Suppose -31*t - 8 = -35*t. Suppose -4*z + q + 27 = t*q, -z + 3*q = -23. Let h(k) = k**3 - 8*k**2 - k + 1. Calculate h(z).
-7
Suppose 8*y + 5*c = 7*y + 28, -5*c = 0. Suppose 3*b - y = -4*b. Let l(q) = -q + 4. What is l(b)?
0
Let f(c) = -c**3 + 34*c**2 + 26*c + 9. Let u(v) = 9*v**3 - 314*v**2 - 239*v - 80. Let b(p) = -28*f(p) - 3*u(p). Suppose 4*g - 26 = 18. Determine b(g).
-12
Let p(m) = -m**3 + m**2. Let j(z) = z - 5. Let s(o) = j(o) - p(o). Let r(a) be the first derivative of s(a). Suppose 4*q = -65*f + 61*f, 2 = -q. Calculate r(f).
9
Let k(f) = -f**2 - 13*f - 9. Let u = 3941 - 3956. Determine k(u).
-39
Suppose 809 = -88*j + 2217. Let m(s) = -3*s**3 - 13*s**2 + 21*s - 10. Let p(r) = -4*r**3 - 12*r**2 + 22*r - 10. Let h(k) = 5*m(k) - 4*p(k). What is h(j)?
6
Let w(i) = 6*i + 6. Let r(v) = -30 + 38*v + 98 - 33 - 27 + v**3 - 16*v**2. Let h be r(13). What is w(h)?
-24
Let g(d) = -101*d**2 + 42*d + 138. Let v(c) = 50*c**2 - 18*c - 61. Let b(r) = -4*g(r) - 9*v(r). What is b(-1)?
-43
Let n(i) = i**3 + 5*i**2 + 2*i - 7. Let u(t) = -t**3 - 5*t**2 - 3*t + 8. Let z(h) = 7*n(h) + 6*u(h). Let m = 11014 + -11018. Calculate z(m).
31
Let f(d) = -2*d**2 + 21*d - 6*d + 8*d**2 + 10*d**2 + 2*d**3 - 23 + 21*d**2. Determine f(-18).
31
Let b(p) be the first derivative of -1/2*p**3 - 13*p + 6 + 0*p**2. Let g(m) be the first derivative of b(m). Calculate g(4).
-12
Let f(a) = 18*a - 14. Let r(n) = 2*n - 1. Suppose 31*j = 15*j + 128. Let w(o) = j*r(o) - f(o). Give w(5).
-4
Let u(c) = 4*c**2 + 170*c - 91. Let v = 1954 - 1997. Calculate u(v).
-5
Let d(x) = -x + 1. Let l(c) = c**2 - 19*c - 27. Let b(s) = -d(s) - l(s). Let j be 25 + 8*10/(-20). What is b(j)?
5
Let b = 345 + -351. Let k(a) = -5*a - 19. Let s(w) = -w - 2. Let p(u) = b*s(u) + k(u). Calculate p(3).
-4
Suppose -5*y - 4*a = -1, 2*a - 16 = 4*y + a. Let v(w) = -4*w**2 - 9*w + 1. Let q be v(y). Let b(d) = d**3 + 9*d**2 + 11*d - 4. Calculate b(q).
-28
Let s = -154 + 756. Suppose -1268 = 5*n + s. Let a be 44/n - 208/(-34). Let q(x) = x**3 - 6*x**2 - 2*x + 9. What is q(a)?
-3
Let d(i) be the second derivative of i**5/20 + i**4/2 + i**3/2 + 3*i**2/2 + 22*i. Let n = -273 + 114. Let r = n - -153. What is d(r)?
-15
Let f(k) = -k**2 - 7*k - 14. Suppose 48*r - 52*r = 1204. Let n be ((-4)/(-6))/(r/(-105) - 3). Give f(n).
-4
Let s(n) = -32*n + 27*n + 1 + 7. Let p(i) = 8*i - 12. Let z(h) = 5*p(h) + 7*s(h). Let k(y) = -1. Let x(b) = -5*k(b) + z(b). Determine x(-1).
-4
Let k(y) = y**2 - y - 4. Let b(q) = q**3 - 10*q**2 + 14*q - 49. Let v be (4 + 9 - 8) + 4. Let x be b(v). Give k(x).
16
Let k = 28 - 25. Let x = -28 - -30. Let l(j) = 7 - j + k*j + x*j - 5*j. What is l(6)?
1
Let w = 104 + -103. Let o(h) = -17*h**2 - 6*h - 2*h + 3*h + 3*h - w. Determine o(-1).
-16
Suppose 387 = 9*a + 450. Let q(n) = 5*n**3 + 6*n**2 + 8*n + 7. Let o(i) = 7*i**3 + 5*i**2 + 8*i + 6. Let h(w) = -2*o(w) + 3*q(w). Determine h(a).
2
Let h(t) = 0*t + t + 7 + 0*t. Suppose 0 = -u + 4*v - 20, 7*u - 39*v = -44*v - 41. Determine h(u).
-1
Let q(l) be the first derivative of 2*l**2 - 91*l - 6146. Give q(26).
13
Let t(f) = 41*f - 14. Let q = 11153 + -11152. Give t(q).
27
Suppose -4*w + 30 = -r, -225*w + 226*w + 2*r = 12. Let y(v) = -v**2 + 9*v. Calculate y(w).
8
Let s(p) = -p**3 + p - 4. Suppose 3*t - 4 = 8. Let z(k) = -k**3 + 3*k**2 - 5. Let d be z(t). Let b = 21 + d. What is s(b)?
-4
Let q(y) = -y. Suppose 6*k - 152 = 14*k. Let z = -13 - k. Suppose 0 = 4*l - 3*l + z. Determine q(l).
6
Let j(r) be the first derivative of r**3/3 - 5*r**2/2 - 3*r - 1. Let y(i) = -25*i**3 - 6*i**2 - 10*i - 1. Let g be y(-2). Let q = -189 + g. Determine j(q).
3
Let z(g) be the first derivative of g**3 + g**2 - g + 3363. Determine z(0).
-1
Let b be 36/(-45)*-10*2. Let n(k) = -k - 42. Give n(b).
-58
Suppose -5*s = 0, 3*q + 4*s = -2*q + 5. Let n(c) = 6*c**2 + 3*c - 1. Let k(j) = 33*j**2 + 17*j - 6. Let h(z) = k(z) - 6*n(z). Give h(q).
-4
Let g(i) = 108*i - 758. Let q be g(7). Let z(f) = -f**3 - 2*f**2 - 3*f - 2. What is z(q)?
4
Let i be -11 - -14 - (-2 - -4 - 1). Let c(n) = 0*n**i + n**2 + 71 + 6 - 3*n - 79. Let s(x) = -2*x + 1. Let b be s(-2). What is c(b)?
8
Let c be (-11)/2*(18 - -4). Let z = c + 142. Suppose -x = 3*x - 5*u - 33, -3*u - z = -3*x. Let s(m) = 3*m**2 - 2*m + 2. Calculate s(x).
10
Let t(r) = r**3 + 14*r**2 - 2*r + 41. Let b be (-1)/(-4)*12*(-5)/(-30)*-28. Calculate t(b).
69
Let r(u) = -u**2 + 17*u - 48. Let z be r(13). Let n(j) = -2 + 3*j - 1 + z*j - 7*j**2 - j**3 - 4. Suppose 3*f + 21 = -3*h, -3*h + 3*f = -0*h + 27. What is n(h)?
1
Let j(f) = 21*f**2 + 2*f - 1. Let g(p) = 65*p**2 + 6*p - 4. Let v(t) = -2*g(t) + 7*j(t). What is v(-1)?
16
Let q(f) be the second derivative of -f**4/12 + f**3/3 + f**2/2 + 210*f + 2. Let j = -20 + 22. What is q(j)?
1
Let f(i) = -i**3 - 12*i**2 - 1. Suppose -208*r - 299*r - 5364 = -60*r. Give f(r).
-1
Let w(a) = 0*a - 8 + 2201240*a**2 - a**3 + 13*a - 2201245*a**2. What is w(-7)?
-1
Suppose -2*b + 11 = 3*r, 3*r = 4*r - 1. Let p(c) be the second derivative of -1/2*c**2 + 0*c**3 + 1/12*c**b + 6*c + 0 - 9/20*c**5. Determine p(-1).
9
Let n(z) = z**2 - 1 - 4*z + 1. Let w be (-180)/(-2) + (-15)/(105/(-28)). Suppose -88 = w*o - 116*o. Calculate n(o).
0
Let w(z) = 466 - 6*z - 232 + z**3 - 6*z**2 - 237. Calculate w(7).
4
Let k(i) = 7*i + 116. Suppose 535*b + 6422 + 5469 = 3331. What is k(b)?
4
Let y(q) = -q**2 + 2*q. Let u = -105 - -139. Let b = -31 + u. Give y(b).
-3
Suppose 5*l - q - 5 = -4*q, -4 = -4*l + 4*q. Let j(g) = g - 2 + g**2 + l + 2*g - 2*g. What is j(-4)?
11
Let t = 2 + 4. Let s(l) = -51*l + 31. Let x(z) = 10*z - 3. Let u(k) = s(k) + 5*x(k). What is u(t)?
10
Let w(n) = 6*n - 46. Let q = -14810 - -14820. What is w(q)?
14
Let g be (-12)/(8 + -4) + -4. Let k(d) be the first derivative of d**4/4 + 8*d**3/3 + 3*d**2 - 6*d - 2. Calculate k(g).
1
Let s(m) = -2*m + 2. Let p = -21208 - -21214. Determine s(p).
-10
Let f = 105 + -95. Let b be (f/(-8))/(1/(-4) + 0). Suppose u - 4*y - 24 = -2*u, -5 = -b*u - 5*y. Let t(n) = -n**3 + 4*n**2 - 2*n - 1. What is t(u)?
-9
Let x(f) = 5*f - 12. Let k(t) = 28*t + 200. Let c be k(-7). Calculate x(c).
8
Let b(j) = 0 - 6*j**2 - 1708*j + 1 + j**3 + 3416*j - 1707*j + 3*j**3 - 5*j**3. Let i be 32/(-6) - 2/3. Give b(i).
-5
Let k(c) be the third derivative of -59*c**4/12 + 358*c**3/3 - 10172*c**2. Determine k(6).
8
Let m be 28/8*(10 + (-444)/42). Let h(t) = -2*t**2 - 7*t - 10. Calculate h(m).
-4
Let d(o) = o - 9. Let c(k) = 28*k**2 - k. Let m be c(1). Let p = -656 + 629. Let t = p + m. What is d(t)?
-9
Let r(s) = -33*s + 288. Let u(m) = -11*m + 98. Let g(k) = -3*r(k) + 8*u(k). Give g(5).
-25
Suppose 0 = -i + 10*g - 6*g + 21, -g = 5. Let d(p) be the second derivative of 0 - 1/2*p**2 - 1/3*p**4 + 11*p + 1/6*p**3. Give d(i).
-4
Let j(p) = -p**3 - 4*p**2 - p**2 + 6 - 2*p**2 - 132*p + 4*p**2 + 133*p. Give j(0).
6
Let u(y) = 1 - 2166*y + 914*y + 1253*y. Suppose -3*i - 21 = -5*q, -3*i + 10 = 1. Calculate u(q).
7
Let x(d) = 4*d**2 - 4*d**2 + 15*d + 0*d**2 + 7*d**2 - 7. Let g be x(-3). Let w(k) = -k**2 + 12*k - 3. What is w(g)?
8
Let n(x) = -x**3 + 4*x**2 - 2*x + 4. Let t(z) = -5*z**2 + 12*z - 7. Let u(v) = -9*v**2 + 24*v - 16. Let p(i) = 7*t(i) - 4*u(i). Let d be p(11). Give n(d).
-4
Let y(f) = -4*f - 9. Suppose 0 = 1468*b - 1469*b + 7. Determine y(b).
-37
Let r = -9534 - -9526. Let l(o) = -4*o - 1. Calculate l(r).
31
Let t(c) = -2*c**2 + 3 - c**2 - 7 + c**3. Let f(m) = m**3 - 10*m - 11*m**2 - 7 + 6 + 12 + 33*m. Let r be f(8)